site number?
True
Is 251143 a composite number?
False
Is 87031 composite?
True
Is 58099 a prime number?
True
Is 1053923 prime?
False
Is 175673 a prime number?
True
Is 7379 a composite number?
True
Is 58543 a composite number?
False
Is 16309 a composite number?
True
Is 5569 composite?
False
Is 4637 a composite number?
False
Is 3203 a composite number?
False
Is 3611 a composite number?
True
Is 17707 a composite number?
False
Is 6197 prime?
True
Is 2447 a composite number?
False
Is 48847 composite?
False
Is 7978 composite?
True
Is 59523 a prime number?
False
Is 272737 a composite number?
False
Is 4547 a composite number?
False
Is 106391 prime?
True
Is 24437 a composite number?
True
Is 15133 prime?
False
Is 44257 prime?
True
Is 234353 prime?
False
Is 12197 composite?
False
Is 613465 a prime number?
False
Is 1172047 a composite number?
False
Is 524461 composite?
True
Is 7051 a prime number?
False
Is 958993 prime?
False
Is 31838 prime?
False
Is 15859 a composite number?
False
Is 325771 a composite number?
True
Is 20903 prime?
True
Is 6343 a composite number?
False
Is 726538 prime?
False
Is 180919 a composite number?
True
Is 17657 prime?
True
Is 270251 composite?
True
Is 4561 prime?
True
Is 3765149 a composite number?
False
Is 7144201 a composite number?
False
Is 172581 prime?
False
Is 66041 a prime number?
True
Is 2843 a composite number?
False
Is 53393 composite?
True
Is 50021 a prime number?
True
Is 17441 prime?
False
Is 167051 composite?
False
Is 100249 a composite number?
True
Is 190319 composite?
True
Is 1922719 composite?
False
Is 1517783 a prime number?
True
Is 22303 a composite number?
False
Is 6449 a composite number?
False
Is 25261 a composite number?
False
Is 2759 a composite number?
True
Is 8407 prime?
False
Is 367046 prime?
False
Is 15497 composite?
False
Is 37423 composite?
False
Is 483023 prime?
False
Is 213221 a composite number?
True
Is 48259 a composite number?
False
Is 405815 a composite number?
True
Is 5440463 a prime number?
False
Is 466717 a prime number?
True
Is 5737 a prime number?
True
Is 73097 prime?
False
Is 33301 prime?
True
Is 74397 composite?
True
Is 19961 a composite number?
False
Is 83311 prime?
True
Is 5981 prime?
True
Is 10223 a prime number?
True
Is 2749 composite?
False
Is 88931 a prime number?
False
Is 569861 prime?
True
Is 19961 a composite number?
False
Is 265094 composite?
True
Is 156911 composite?
True
Is 57641 composite?
False
Is 17237 prime?
False
Is 1125557 a prime number?
True
Is 35381 composite?
False
Is 2927 prime?
True
Is 7118 a composite number?
True
Is 67391 composite?
False
Is 312967 a prime number?
True
Is 25031 a composite number?
False
Is 49429 prime?
True
Is 1610227 a prime number?
True
Is 7859 a composite number?
True
Is 10513 a prime number?
True
Is 443773 prime?
False
Is 2897 composite?
False
Is 273113 composite?
False
Is 10937 a prime number?
True
Is 9391 a composite number?
False
Is 3147 a composite number?
True
Is 51259 composite?
True
Is 21439 a prime number?
False
Is 295513 a prime number?
True
Is 529471 prime?
True
Is 20134 a prime number?
False
Is 10661 prime?
False
Is 156089 composite?
False
Is 222553 a composite number?
False
Is 75549 prime?
False
Is 981173 a prime number?
True
Is 10495 composite?
True
Is 449 composite?
False
Is 129629 prime?
True
Is 124727 a composite number?
True
Is 111799 composite?
False
Is 20743 a prime number?
True
Is 8579 a composite number?
True
Is 702931 a composite number?
True
Is 10301 a prime number?
True
Is 18973 a prime number?
True
Is 2959 a prime number?
False
Is 264283 a composite number?
False
Is 797933 a composite number?
False
Is 631 composite?
False
Is 98603 a composite number?
True
Is 143873 a prime number?
True
Is 1060403 a composite number?
False
Is 73301 composite?
True
Is 108371 prime?
False
Is 7895 composite?
True
Is 611735 a composite number?
True
Is 81329 a composite number?
True
Is 15443 a prime number?
True
Is 1757143 prime?
True
Is 33185 a prime number?
False
Is 226087 a prime number?
True
Is 15511 a composite number?
False
Is 62171 a prime number?
True
Is 74369 prime?
False
Is 5039 prime?
True
Is 1482137 a composite number?
False
Is 160583 composite?
False
Is 6007 a prime number?
True
Is 6469 a composite number?
False
Is 255313 prime?
True
Is 23971 a composite number?
False
Is 1343 a composite number?
True
Is 247 a composite number?
True
Is 459013 composite?
False
Is 135809 a prime number?
False
Is 13381 prime?
True
Is 1112693 composite?
True
Is 23509 composite?
False
Is 5906 a composite number?
True
Is 1163 a prime number?
True
Is 83983 composite?
False
Is 5669 a composite number?
False
Is 453 a composite number?
True
Is 175501 prime?
False
Is 1673 composite?
True
Is 72341 a composite number?
False
Is 163499 a composite number?
True
Is 450553 prime?
False
Is 1847 a prime number?
True
Is 34199 prime?
False
Is 57053 composite?
True
Is 5471 a prime number?
True
Is 1820899 a composite number?
False
Is 316031 a prime number?
True
Is 8923 a composite number?
False
Is 7963 a composite number?
False
Is 113051 a composite number?
False
Is 100357 composite?
False
Is 26669 composite?
False
Is 46429 a composite number?
True
Is 119109 a prime number?
False
Is 8665 composite?
True
Is 75851 prime?
False
Is 2132434 a prime number?
False
Is 8779 a prime number?
True
Is 21377 a composite number?
False
Is 18455 composite?
True
Is 84179 composite?
False
Is 1182211 a composite number?
False
Is 888077 composite?
False
Is 35831 composite?
False
Is 486883 composite?
True
Is 51151 a prime number?
True
Is 206951 composite?
False
Is 54049 composite?
False
Is 59993 a prime number?
False
Is 259613 prime?
False
Is 19535 a prime number?
False
Is 5639 prime?
True
Is 53591 a prime number?
True
Is 211997 a composite number?
False
Is 2671 a prime number?
True
Is 26417 a prime number?
True
Is 180551 prime?
False
Is 434129 prime?
False
Is 95507 composite?
False
Is 18845 prime?
False
Is 11821 a prime number?
True
Is 16661 a prime number?
True
Is 2317 a prime number?
False
Is 155137 composite?
False
Is 112061 prime?
True
Is 181915 a prime number?
False
Is 5029 prime?
False
Is 18119 composite?
False
Is 251 composite?
False
Is 155443 a prime number?
True
Is 3891 prime?
False
Is 149711 prime?
True
Is 23209 a composite number?
False
Is 10379 a prime number?
False
Is 212777 composite?
False
Is 103019 composite?
True
Is 440107 a composite number?
True
Is 4073 a prime number?
True
Is 26513 a prime number?
True
Is 2953 prime?
True
Is 345055 a prime number?
False
Is 773233 a composite number?
True
Is 97213 composite?
False
Is 186211 composite?
False
Is 17707 composite?
False
Is 36082 prime?
False
Is 330749 a composite number?
False
Is 154727 a prime number?
True
Is 1235761 a prime number?
True
Is 253049 prime?
True
Is 23369 prime?
True
Is 206879 prime?
True
Is 6421 a composite number?
False
Is 1843189 composite?
False
Is 5179 a composite number?
False
Is 822439 composite?
True
Is 455921 a composite number?
False
Is 9611 composite?
True
Is 97771 a prime number?
True
Is 548917 a prime number?
False
Is 500711 a prime number?
False
Is 183277 composite?
True
Is 31109 composite?
True
Is 508129 prime?
True
Is 15577 composite?
True
Is 342799 a prime number?
True
Is 132001 composite?
False
Is 12515 a composite number?
True
Is 1964013 a prime number?
False
Is 7067 composite?
True
Is 56993 a composite number?
False
Is 54851 composite?
False
Is 272123 a prime number?
False
Is 449126 a prime number?
False
Is 929345 composite?
True
Is 389 composite?
False
Is 19661 composite?
False
Is 1979729 a prime number?
True
Is 387839 a composite number?
False
Is 1723637 a prime number?
True
Is 6497 a composite number?
True
Is 1438559 prime?
False
Is 9385 composite?
True
Is 117797 a composite number?
False
Is 78623 prime?
True
Is 1482359 prime?
True
Is 370633 prime?
False
Is 135559 a composite number?
False
Is 2722 composite?
True
Is 56579 prime?
False
Is 63401 composite?
True
Is 4177 a prime number?
True
Is 2629273 a prime number?
False
Is 564557 prime?
False
Is 7639 a prime number?
True
Is 4183 a composite number?
True
Is 448361 prime?
False
Is 19547 a composite number?
True
Is 768727 composite?
False
Is 61091 a prime number?
True
Is 186891 a prime number?
False
Is 1619047 a composite number?
True
Is